 is divided by (-2)/8 + 292/16.
17
Let h(y) = y**2 + 4*y - 1. Let m = -22 + 33. Calculate the remainder when h(3) is divided by m.
9
Let f(q) = 3*q**2 + 5*q + 4. Suppose 2 + 5 = -r. Let v be f(r). Let g = v - 70. Calculate the remainder when g is divided by 16.
14
Let k(s) = -2*s**2 + s - 7. Let o(l) = -l**2 + 2*l - 7. Let g(r) = -2*k(r) + 3*o(r). Calculate the remainder when 13 is divided by g(-6).
3
Let x(f) = 10*f + 17. Calculate the remainder when x(8) is divided by 36.
25
Let x be ((-1)/(-3))/(10/150). Suppose x*i - 24 = -9. Suppose i*k - s = -6*s + 14, 47 = 4*k + s. Calculate the remainder when 24 is divided by k.
11
Suppose -3*d = 2*l - 51, 4*l + 4*d - 34 = 62. What is the remainder when 41 is divided by l?
20
Let x = -10 - -44. What is the remainder when 236 is divided by x?
32
Suppose -2*r - r + 1236 = 0. Calculate the remainder when 61 is divided by r/26 - (-2)/13.
13
Let f be 21/6*24/14. Suppose v + 40 = f*v. Calculate the remainder when 14 is divided by v.
6
Let n = 78 + -73. Suppose y + 2*y = 51. What is the remainder when y is divided by n?
2
Suppose 4*f - 4*o - 164 = 0, -2*f + f = -4*o - 50. Let q = 60 + -40. What is the remainder when f is divided by q?
18
Let j be (-1)/(1/(1 + -42)). Let x be (-2)/(-8) - 204/(-16). Let w = j - x. What is the remainder when w is divided by 10?
8
Suppose 5*v - 4*o = 54, -4*o + 8 = v - 2*o. Calculate the remainder when ((-38)/8)/((-2)/16) is divided by v.
8
Suppose -2*c + 23 = -c. Calculate the remainder when c is divided by 9.
5
Suppose 0 = -12*t + 276 + 120. What is the remainder when t is divided by 18?
15
Suppose -2*g + 0*g = -26. Suppose -2*h + 15 - 5 = 0. Let v = h + 33. Calculate the remainder when v is divided by g.
12
Let j(v) = -v + 12. What is the remainder when 11 is divided by j(7)?
1
Let z be 2*4/(-24)*-3. Suppose -9 = -2*y + z. What is the remainder when 114/8 - (-1)/(-4) is divided by y?
4
Let r = -82 - -99. Calculate the remainder when -1*(0 - 69) - 2 is divided by r.
16
Suppose 9*y + 28 = 13*y. Calculate the remainder when y is divided by 4.
3
Let i(r) = r**2 - r + 14. Let u(k) = 4*k**2 + 5*k - 4. Calculate the remainder when i(0) is divided by u(1).
4
Let k = -121 - -125. What is the remainder when 16 is divided by k?
0
Suppose 4*i + 6 = 10*i. Calculate the remainder when 29 is divided by 5/((i - 3)/(-6)).
14
Suppose -4*g = 3*c - 64, 0 = -5*g + 4*c - 5*c + 80. What is the remainder when 54 is divided by g?
6
Suppose -3*v + 2*v + 5*q = -19, 4 = -2*q. Calculate the remainder when 31 is divided by v.
4
Let f = -1 + 3. Suppose -f*k + 3*k - 151 = -4*m, 3*k = m - 54. Calculate the remainder when m is divided by 21.
18
Let z(u) = u + 72. Let t be z(0). Suppose 0*c - t = -2*c. Suppose -4*h + c + 44 = 0. Calculate the remainder when h is divided by 7.
6
Calculate the remainder when ((-1)/(-2))/((-2)/(-148)) is divided by -1*(0 - (12 + 1)).
11
Suppose -h + 2*h = 19. Calculate the remainder when h is divided by 5.
4
Suppose 8*k - 78 = 58. Calculate the remainder when k is divided by 6.
5
Let t(w) = 6*w**2 + 4*w - 2. What is the remainder when t(3) is divided by 22?
20
Let z(k) = 0*k**2 + 12*k - 2*k**2 + 1 + k**2. What is the remainder when 34 is divided by z(11)?
10
Let d = -12 - -26. What is the remainder when 23 is divided by d?
9
Suppose 0 = -9*q + 8*q + 8. Let n(z) = z**3 - 3*z**2 - z + 4. Let s be n(3). Calculate the remainder when (s + 0)/((-2)/(-30)) is divided by q.
7
Let z(r) = 2*r - 1. What is the remainder when z(7) is divided by (-19)/(-5) - 3/(-15)?
1
Let s = -57 + 74. What is the remainder when 67 is divided by s?
16
Let f(l) = 2*l + 6. Let y(w) = -4*w - 13. Let j(s) = 5*f(s) + 3*y(s). Let u = 25 + -18. What is the remainder when u is divided by j(-6)?
1
Let j be 1*(-2 - -5)*1. Suppose 103 = 2*q - 6*c + j*c, 209 = 4*q - 5*c. Calculate the remainder when q is divided by 2/4 - (-148)/8.
18
Suppose -5*n + 39 = 4*a + 4, 21 = 3*a + 2*n. Suppose 0 = 5*o + a*p + 5, o + 18 = 3*o - 3*p. What is the remainder when -1 - 2*(-12)/3 is divided by o?
1
Suppose -6*v - 162 = -24*v. Let m = -10 - -25. What is the remainder when m is divided by v?
6
Suppose -2*k + 4 = 2*k + 4*g, 0 = -g - 3. Suppose -3*z + k = -32. Let f = -9 - -30. Calculate the remainder when f is divided by z.
9
Let a(v) = 2*v + 2. Suppose -5*j - 2*x - 2*x = -10, 2*j - 2*x = -14. Let s be a(j). Let p(c) = -c. Calculate the remainder when 4 is divided by p(s).
0
Let h(l) = 4*l**2 - 10*l + 5. What is the remainder when h(5) is divided by 12?
7
Suppose -4*n + 90 = -2*q + 8, -4*n + 88 = -4*q. What is the remainder when 75 is divided by n?
18
Let b = -25 + 31. What is the remainder when 35 is divided by b?
5
Let l be ((-14)/4)/((-5)/(-30)). Let a = 64 + l. What is the remainder when a is divided by 1 - -2 - (-38)/2?
21
Suppose 3*u = -2*u + 30. Suppose -5*v + 10*v - 35 = 0. Suppose -3*l = -41 - v. What is the remainder when l is divided by u?
4
Let h = -5 - -11. Let k = -29 + 44. Suppose 0*g + k = -s - 5*g, 0 = 5*s - 2*g - 60. Calculate the remainder when s is divided by h.
4
Let g be (3/(-2))/((-6)/(-12)). Let v = 8 + g. Suppose -2*d = -1 - v. Calculate the remainder when 5 is divided by d.
2
Let a(c) = c**3 - 4*c**2 + 5*c - 4. Let p be a(3). Let j(z) = -z**2 - 5*z - 1. Let y be j(-4). Let v = p + y. What is the remainder when 9 is divided by v?
4
Suppose 3*r + 3*x = 117, 3*r - 205 + 56 = 5*x. Calculate the remainder when r is divided by 11.
10
Let a(j) = j**2 - 7*j + 45. What is the remainder when 224 is divided by a(0)?
44
Let i(v) = -2*v**2 + 7*v + 5. Let o be i(6). Suppose 6*s = -16 - 2. What is the remainder when o/((0 - -3)/s) is divided by 9?
7
Suppose 4*o = 3*o + 4. Suppose 2*w = 8 + o. Let d = 20 - w. Calculate the remainder when 41 is divided by d.
13
Let u = -152 - -160. What is the remainder when 15 is divided by u?
7
Suppose 26*l + 258 = 29*l. Calculate the remainder when l is divided by 11.
9
Let a(l) = -l**3 - 6*l**2 - 3*l - 8. What is the remainder when 37 is divided by a(-6)?
7
Let k be 3 + 1*-2 - 1. Let v be (k - -2)/(-2 + 3). Let x = v + 1. Calculate the remainder when x is divided by 2.
1
Suppose 30 = 5*o + 10. Suppose l = 11 + o. What is the remainder when l is divided by 9?
6
Let v(k) = -3 - k + 15 - 4 + 9*k**3 - 6 - 2*k**2. Calculate the remainder when 21 is divided by v(1).
5
Let o(f) = -f + 2. Let z be o(7). Let x = 14 - z. Calculate the remainder when (-3)/4*2*210/(-9) is divided by x.
16
Suppose 9 = u + 2*u, 0 = 4*d + 5*u - 23. Suppose d*f - f = -p + 4, -3*p = 5*f - 14. What is the remainder when p is divided by 1?
0
Suppose -54 = 2*n - 5*n. Let y = 182 + -113. Calculate the remainder when y is divided by n.
15
Let c(g) = -2*g - 5. Let p be c(-5). Suppose 0 = 3*q + p*a + 8, 2*q + a - 24 = 5*a. Calculate the remainder when -6 + 510/24 - 1/4 is divided by q.
3
Let j(g) = g - 5. Let d be j(7). Suppose -i = -d*i - 8. Let h = -3 - i. Calculate the remainder when 8 is divided by h.
3
Let n = -285 - -318. What is the remainder when n is divided by (3/4)/(1/16)?
9
Let b be (-4 - -2)*(-1)/2. Calculate the remainder when (-3)/(-5)*(b - -14) is divided by 6.
3
Let c(y) = y**3 + 17*y**2 + 14*y - 16. Let x = 141 - 94. What is the remainder when x is divided by c(-16)?
15
Let g(c) = c**2 - 7*c + 1. Let q be (-4)/(-1 + (-2 - -2)). Suppose 2*v - 26 = -q*t, 0*t + 2*t - 22 = -4*v. What is the remainder when g(8) is divided by t?
4
Let s be -196 + 1/(-1)*2. Calculate the remainder when 20 is divided by s/(-30) + (-4)/(-10).
6
Let n(x) = -x**2 - 10*x - 4. Let z be n(-9). Suppose u - 3*b = 3*u - 23, -z*b = 2*u - 29. What is the remainder when u is divided by 3?
1
Suppose k - 3*h - 20 = 0, -h + 111 = 5*k - 5*h. What is the remainder when k is divided by 5?
3
What is the remainder when 24 is divided by (-20)/(-150) - 386/(-30)?
11
Suppose -5*j + 2*b = b - 36, 2*j - 3*b - 17 = 0. Suppose -j - 11 = -h. What is the remainder when 53 is divided by h?
17
Let v(p) = -p**2 - 9*p - 4. What is the remainder when v(-6) is divided by 6?
2
Let l be (6/2)/(2 + -1). Let w(s) = 4*s - 4. Calculate the remainder when w(l) is divided by 4/(-2 + 3) + -1.
2
Let b(r) = -r + 22. Suppose q - 2*n - 2*n - 49 = 0, -4*q + 2*n + 196 = 0. What is the remainder when q is divided by b(9)?
10
Suppose -5*u = 13 - 93. Suppose -39 = -p - 3*x, -4*p + 0*x +